 160 and k.
32
Suppose 3*v - 13 = -2*i + 17, 3*i + 9 = 0. Let r(a) = -2*a**3 - 5*a**2 - 4*a - 4. Let t be r(-4). Calculate the highest common factor of t and v.
12
Let j = -26 - -32. Let s = 107 + -59. What is the highest common factor of s and j?
6
Suppose 48 = -r + 2*r. Let p = r + -8. Calculate the highest common factor of 10 and p.
10
Suppose -9*c + 2691 = 14*c. What is the greatest common divisor of 39 and c?
39
Let t(y) = 5*y - 4. Let a be t(6). Suppose 5*u + o + a = 0, -u - 5*o = -10*o. Let x(h) = -14*h. Let j be x(u). Calculate the highest common divisor of j and 14.
14
Let k(r) = 6*r - 3. Let v be k(6). What is the highest common divisor of 11 and v?
11
Let r = 22 - 20. What is the greatest common factor of r and 3?
1
Let b = 2 + -2. Let t be (-1 + -17)/(1 - b). Let r = 30 + t. Calculate the greatest common factor of 30 and r.
6
Let m(l) = -l**2 + 6*l + 6. Let y be m(6). Let r be y*3/((-9)/(-2)). What is the highest common factor of 44 and r?
4
Suppose 3*a + 12 + 0 = 0. Let i be a/(-14) + (-82)/(-7). Let v be (81/(-12))/((-2)/32). Calculate the highest common divisor of i and v.
12
Suppose x = -5*i + 2*i + 27, 5*i + 5*x = 45. What is the highest common factor of 81 and i?
9
Let a(y) be the third derivative of y**4/12 - y**2. Let w be a(4). Let p = 18 + 2. What is the greatest common divisor of p and w?
4
Let r(c) = 5*c - 40. Let b be r(13). Calculate the highest common divisor of b and 5.
5
Let p be ((-4)/(12/(-15)))/((-1)/(-4)). Suppose 4*h = 5*z + 745, -3*h + 5*z - 24 = -589. Calculate the highest common divisor of h and p.
20
Let y = 2 + -2. Let k = 3 - y. Suppose 3*z - k*q = 12, 0*z - 3*z = 3*q - 12. What is the highest common divisor of z and 12?
4
Suppose 8*a + 80 = 9*a. Calculate the highest common divisor of 20 and a.
20
Let f = -68 + 14. Let j = -26 - f. What is the greatest common factor of 7 and j?
7
Let h be (-1)/(-3) - 46/(-6). Let l = 20 - h. What is the greatest common divisor of l and 60?
12
Suppose 12*j - 75 = -3. Calculate the greatest common divisor of 42 and j.
6
Let b be 25/10*(-1 + 7). Suppose -2*s + 165 = -s. What is the greatest common divisor of s and b?
15
Suppose 0*y - 4*y - 534 = -5*m, 0 = -m + 3*y + 98. Calculate the greatest common divisor of 44 and m.
22
Suppose -3*c - 3 + 9 = 0. What is the highest common factor of 18 and c?
2
Suppose -3*j = 2*j. Suppose j*k = 2*k - 82. Let m = -15 + k. Calculate the greatest common factor of 65 and m.
13
Let y(n) = -8*n. Let b be y(-1). Suppose -10 - b = -l. Let t(x) = x**3 - 12*x**2 + 7*x - 12. Let c be t(12). Calculate the highest common divisor of l and c.
18
Let j = 61 - 38. Let x = j - 9. Suppose 0 = -3*r + r - 4*p + 216, -6 = 3*p. Calculate the highest common factor of x and r.
14
Suppose 0 = -5*h + c + 30, -3*c - 25 = -h - h. Calculate the highest common factor of h and 45.
5
Let h(s) = s**3 - 5*s**2 + 2*s + 7. Let j be h(5). What is the greatest common divisor of 136 and j?
17
Let p = -13 - -22. Let r(z) = -z + 31. Let s be r(4). What is the highest common divisor of p and s?
9
Let a be 0/(1 - 3) + 0. Suppose -2*k + 5*n + 76 = a, 5*k - 107 = 2*k + 4*n. Let m = 411 + -408. Calculate the highest common factor of k and m.
3
Suppose 3*k - 4*l = 66, -k + 11 - 2 = 3*l. Let q be (-24)/k + (-318)/(-9). What is the highest common divisor of 51 and q?
17
Suppose 7*b = 6*b + 30. Calculate the highest common divisor of b and 30.
30
Let o be -38*(-16)/(-20)*-5. What is the greatest common divisor of 19 and o?
19
Let i = 178 - 59. What is the highest common factor of i and 17?
17
Let w(a) = 2*a**2 + 4*a - 2. Let h be w(3). Suppose 40 = 4*j + 3*y, y = -6*j + j + 39. What is the greatest common divisor of j and h?
7
Let f(q) = q**2 - 7*q + 12. Let y be f(6). Suppose 4*p - 4*c + c = 45, -3*p + 4*c + 39 = 0. Calculate the greatest common factor of p and y.
3
Let m(r) = 13*r - 5. Let y be m(4). Let j be y + ((-1)/(-1) - 3). Let l be (-5)/(-15) - 28/(-6). Calculate the highest common divisor of l and j.
5
Suppose -8*f = -13*f + 400. Calculate the highest common divisor of 10 and f.
10
Suppose -1 = 3*d - 4*d. Let l be 2/d - 302/(-2). What is the highest common factor of l and 17?
17
Suppose 5*n - 15 = 0, -2*p - 4*n = -5*p + 105. What is the highest common factor of p and 26?
13
Let d = -1 + 1. Let j(l) = -l + 2. Let u be j(d). Suppose u*c = -c + 66. What is the greatest common factor of 33 and c?
11
Let h be (-2)/(-3)*18/4. Suppose -u - 29 = -h*a, -u = -2*u - 2. Calculate the greatest common divisor of 9 and a.
9
Let k(a) = -a**2 + 8*a + 5. Let f be k(6). Suppose 3*q - 95 - 109 = 0. Calculate the highest common divisor of q and f.
17
Let a = -4 + 7. Suppose 3*y - 5*x = 400, -a*y + 4*x - 3*x = -404. Suppose -4*f - 135 = -3*h, y = -h + 4*h - 3*f. What is the greatest common factor of 5 and h?
5
Suppose -5*b = 6 - 31. Suppose 3*u = -o + 105, 3*o = -0*o - b*u + 295. What is the highest common factor of o and 36?
18
Suppose -5*g - 19 = -4, 5*p - 597 = -g. What is the highest common factor of p and 12?
12
Let l(z) = -7*z + 1. Let o be l(3). Let i be 4/(-10) - 148/o. Let k be ((-44)/(-6))/((-2)/(-21)). What is the highest common factor of k and i?
7
Let n(h) = 17*h**2 - 4*h. Let d be n(-3). What is the highest common factor of 15 and d?
15
Suppose 4 = -2*b + 4*b, 5*m - 409 = -2*b. What is the highest common divisor of m and 9?
9
Suppose 0 = -2*p - 4*g + 186, -2*p - 470 = -7*p - 5*g. Calculate the highest common factor of p and 19.
19
Let l be (91 - 12/4) + (-6)/(-3). Suppose -x + 3*x - 5*h = 105, -12 = -4*h. Calculate the greatest common divisor of l and x.
30
Let a = -99 + 195. Calculate the greatest common factor of 12 and a.
12
Let w = 24 - 1. Let f = -11 + w. What is the greatest common divisor of f and 8?
4
Let b = -46 + 54. Calculate the greatest common factor of 136 and b.
8
Let t = -511 - -287. Let x = -543 + 383. Let o = x - t. Calculate the greatest common factor of 16 and o.
16
Let c(p) = p + 43. Let y be c(-8). What is the greatest common divisor of y and 14?
7
Suppose 0*u = 5*u - 25. Let i(c) = c**3 + 5*c**2 - c + 1. Let g be i(-5). Let y be 59/3 - (-2)/g. Calculate the greatest common factor of u and y.
5
Let w(r) = r**3 + 15*r**2 - r - 11. Let m be w(-15). Suppose m*b + 0*x - 299 = -x, b - 79 = 4*x. What is the highest common factor of b and 30?
15
Let q = -14 - -25. Let i(j) = 7*j - 4. Let f(l) = -13*l + 9. Let x(o) = 4*f(o) + 9*i(o). Let r be x(2). What is the greatest common divisor of r and q?
11
Let r be (-6 - -4) + 14 - -4. What is the greatest common factor of r and 16?
16
Let s = -68 + 113. Let l(o) = 8*o**2 - 2. Let v be l(2). Calculate the greatest common factor of s and v.
15
Suppose -c + 44 = -5*c. Let l = -11 - c. Suppose l = -4*j - 4*m + 52, 2*m - 4 = 2*j - 26. Calculate the greatest common divisor of 18 and j.
6
Let b = 123 - 219. Let u be (-2)/(-5) + b/(-10). Suppose -315 + 45 = -3*p. Calculate the greatest common divisor of u and p.
10
Suppose 6*r - 310 = u + 2*r, 0 = -5*r + 20. Let h be u/(-8) + (-6)/8. Calculate the greatest common divisor of h and 24.
12
Let m be (-4)/((40/105)/(-8)*3). What is the highest common factor of 7 and m?
7
Let c(d) = -d**3 - 5*d - 3. Let j be c(-3). What is the greatest common divisor of 312 and j?
39
Suppose -3*d = 4*i + 145, 5*i + d + 4*d = -185. Suppose 610 = 8*p - 3*p. Let t = p + i. What is the greatest common factor of 8 and t?
8
Let l be ((-2)/(-4))/((-2)/(-240)). Calculate the highest common divisor of 150 and l.
30
Let z(v) = 5*v**2 + 3*v. Let f = 1 + -1. Suppose f = -3*l - 2*l + 20. Let q be z(l). What is the highest common factor of q and 23?
23
Let o(u) = -u**3 + 8*u**2 + 4*u - 8. Let p be o(-4). Let x be 2 - 0*2/4. Let q be x/(-5) - 107/(-5). What is the highest common factor of p and q?
21
Let o(q) = -2*q - 4. Let z be o(-12). Let h = 361 + -181. What is the greatest common divisor of z and h?
20
Suppose 4*o - 72 - 8 = 0. Let d = o + -13. Calculate the greatest common factor of d and 7.
7
Let t be (-10)/(-4)*56/70. Calculate the greatest common divisor of 6 and t.
2
Let k be (-3)/2*28/(-21). Let i be (-2)/(-6) - (-69)/9. Calculate the highest common divisor of i and k.
2
Let g be 0 - -130 - 3 - 1. Let l = 20 - 6. Calculate the greatest common factor of l and g.
14
Let b(f) = -f**2 - 8*f - 2. Let g be b(-5). 